n base 9?
-176285
Convert -221222101200 (base 3) to base 13.
-14b971
What is -112542035 (base 6) in base 4?
-20000003213
Convert 12ab4 (base 12) to base 4.
12102220
617143 (base 8) to base 14
546b1
-1311311003 (base 4) to base 5
-110421002
What is -1120100120 (base 3) in base 6?
-354540
Convert 840b (base 15) to base 6.
333115
What is 2390871 (base 11) in base 8?
17673162
Convert -1332058 (base 10) to base 3.
-2111200020111
257359a (base 11) to base 9
8340804
What is -231333011 (base 4) in base 14?
-4c901
What is 686a (base 11) in base 10?
9030
Convert -31003024 (base 5) to base 2.
-111101001000010101
978317 (base 11) to base 8
5754537
-320112221 (base 4) to base 10
-230825
Convert -3455781 (base 9) to base 6.
-104010201
-2246324 (base 8) to base 2
-10010100110011010100
What is 1101010110010000010011 (base 2) in base 8?
15262023
What is -1100a3 (base 14) in base 6?
-20204235
What is -1e4bb3 (base 15) in base 10?
-1484268
724285 (base 10) to base 13
1c4893
1000563 (base 7) to base 9
188703
What is 25132244 (base 6) in base 15?
10d94d
What is 2211200223 (base 4) in base 7?
5522322
What is -1110011010011 (base 2) in base 4?
-1303103
2342223 (base 5) to base 15
cd0d
Convert 17365043 (base 10) to base 5.
13421140133
What is 13313530 (base 6) in base 11?
284686
What is -114030311 (base 5) in base 15?
-a7ec1
228cc3 (base 15) to base 5
410244013
What is 614805 (base 10) in base 14?
1200a9
What is 101022322 (base 4) in base 12?
3484a
Convert -1033455 (base 9) to base 5.
-120204220
Convert 141186 (base 10) to base 13.
4c356
Convert 6476625 (base 11) to base 14.
1724d9a
12b39b (base 12) to base 11
1a1894
Convert -728691 (base 13) to base 15.
-37c856
Convert 6a2ab2 (base 12) to base 16.
1a05a6
Convert -11222111 (base 3) to base 10.
-3631
32161 (base 7) to base 12
4751
What is 10100100001000001000 (base 2) in base 8?
2441010
Convert -2084c (base 15) to base 16.
-192d2
What is 211b (base 16) in base 9?
12556
What is -1240452 (base 7) in base 16?
-2754c
Convert -202131031 (base 4) to base 3.
-21011121011
101000010011001011000 (base 2) to base 9
2432382
-a47a815 (base 11) to base 9
-37681110
121010310133 (base 4) to base 5
3140321333
-32566162 (base 7) to base 8
-12551367
483692 (base 11) to base 12
30b460
What is cb264a (base 13) in base 8?
22156365
4152725 (base 8) to base 11
693a36
Convert -83610 (base 11) to base 6.
-2340054
-1561 (base 9) to base 2
-10010100101
10100101000 (base 3) to base 16
10158
What is 16065 (base 7) in base 2?
1000110011010
What is 135423 (base 8) in base 5?
3013031
Convert 103314331 (base 7) to base 14.
b69451
101002002222 (base 3) to base 14
52412
Convert 3178 (base 15) to base 2.
10100011011111
-17771 (base 16) to base 6
-2020545
-1b9767 (base 12) to base 5
-111243232
What is -43347 (base 11) in base 7?
-351406
Convert -1052300 (base 7) to base 16.
-1fdb7
-92659 (base 11) to base 3
-20212111012
Convert 873ba6 (base 12) to base 10.
2142702
What is -1120134410 (base 5) in base 6?
-125412005
Convert 16243151 (base 8) to base 4.
32110121221
-4be0ca (base 15) to base 10
-3641815
What is -222110121100 (base 3) in base 8?
-1771363
Convert -40252055 (base 6) to base 2.
-100010110110111100011
What is 10163500 (base 7) in base 4?
3100333132
What is -164476 (base 10) in base 12?
-7b224
What is -b9446 (base 15) in base 2?
-10001111100110111000
What is 100000100101100111 (base 2) in base 4?
200211213
What is 62247 (base 11) in base 3?
11121120000
Convert 18dc9 (base 16) to base 10.
101833
-2132403 (base 8) to base 11
-35a7a2
What is 35c80 (base 13) in base 9?
160467
What is 169aa (base 11) in base 8?
56434
1ab97ab (base 13) to base 6
514115555
Convert -119d47 (base 16) to base 8.
-4316507
-201221021000 (base 3) to base 15
-7b3e6
10145333 (base 6) to base 9
487383
-1113434041 (base 6) to base 13
-26b7cb0
-10726a (base 15) to base 7
-6442255
Convert 12a75 (base 15) to base 2.
1110100101010111
Convert -475b953 (base 12) to base 14.
-1b96a2b
What is -9a51 (base 13) in base 9?
-32471
What is 14e04 (base 15) in base 8?
203317
18c404 (base 14) to base 10
878868
16065b (base 13) to base 16
84c05
100001010010011010 (base 2) to base 15
2a5eb
3894e (base 15) to base 11
113a72
22202020020 (base 3) to base 16
2a0b4
Convert 112425 (base 6) to base 13.
4526
131211301232 (base 4) to base 12
2720b52
Convert 653662 (base 7) to base 10.
114214
30227184 (base 9) to base 15
1411e77
What is -8866a7 (base 13) in base 11?
-18a510a
-26a6a05 (base 11) to base 9
-8700206
Convert 1112332 (base 9) to base 16.
922fd
What is 21024030 (base 8) in base 3?
22101221011210
Convert 161407 (base 8) to base 3.
2221201120
What is b7a04 (base 14) in base 5?
103144443
What is 5422355 (base 6) in base 13?
94a1b
-113013313300 (base 4) to base 15
-7eb037
What is 112020100121002 (base 3) in base 4?
130312333103
-554455003 (base 6) to base 13
-20cc1cc
-625024 (base 11) to base 14
-1c1389
What is -201330222 (base 5) in base 14?
-170759
-41854 (base 12) to base 11
-59590
Convert -331123013 (base 4) to base 13.
-8a692
-349d9a (base 15) to base 12
-a12a9a
-14242312 (base 7) to base 5
-320310244
Convert 101010010100011001 (base 2) to base 13.
60b88
-122123313311 (base 4) to base 10
-6929909
What is 144b351 (base 13) in base 10?
6450965
84791 (base 10) to base 14
22c87
Convert 3263555 (base 8) to base 12.
364439
What is 170875 (base 15) in base 7?
12324440
3010203323 (base 5) to base 7
101345032
What is -511966 (base 11) in base 10?
-822388
20110012011202 (base 3) to base 10
3428615
What is -24500315 (base 6) in base 15?
-107b15
3111233 (base 5) to base 9
76634
What is -43413041 (base 5) in base 13?
-100964
What is 11001022112 (base 3) in base 4?
103131023
110100001110100 (base 2) to base 6
323444
What is 1101010001101000110 (base 2) in base 13?
123008
What is 345717 (base 8) in base 7?
1000116
Convert 4102410 (base 7) to base 16.
77364
Convert 10311331112 (base 4) to base 12.
512872
Convert 124012000 (base 5) to base 12.
2551a2
-43d82 (base 15) to base 13
-77222
-111022232 (base 4) to base 10
-86702
Convert -1001000110011000 (base 2) to base 13.
-13c71
What is 10011001000110100110110 (base 2) in base 15?
691741
Convert -322132 (base 13) to base 5.
-300104410
Convert -2133112232 (base 4) to base 12.
-275892
What is -106e6 (base 16) in base 4?
-100123212
-4150200 (base 7) to base 13
-146487
What is 256053 (base 8) in base 12?
436b7
What is 271404 (base 8) in base 9?
154253
9483578 (base 11) to base 7
262014250
What is 841bb4 (base 14) in base 11?
2577940
7753601 (base 8) to base 16
1fd781
What is 373613 (base 13) in base 14?
2657d9
What is 31113131311 (base 4) in base 11?
1a83665
-115050403 (base 6) to base 2
-1000011000111110100011
-992a51 (base 11) to base 10
-1585156
Convert -1d7099 (base 15) to base 13.
-3b602b
5dd643 (base 14) to base 12
10b66a3
-1053112 (base 7) to base 3
-20122100021
Convert 109c5 (base 14) to base 2.
1001110110100001
-25329 (base 12) to base 10
-50577
Convert -96aa8 (base 16) to base 6.
-21121024
4d632 (base 14) to base 8
564134
Convert -156522 (base 10) to base 5.
-20002042
-123023313 (base 4) to base 10
-111351
What is -377414 (base 8) in base 12?
-63864
What is -2434222241 (base 5) in base 2?
-10110000001100010000110
221023402 (base 5) to base 15
13cdbc
-77817 (base 15) to base 11
-23a403
2d2a3 (base 16) to base 12
8b083
What is 12113134 (base 5) in base 12?
55860
What is 3020233232 (base 4) in base 11?
511854
What is -38985b (base 12) in base 9?
-1665508
-82428 (base 12) to base 3
-22122010112
Convert 318e9d (base 15) to base 2.
1000111111111100001000
Convert -82aa7 (base 14) to base 9.
-528884
What is -593730 (base 12) in base 10?
-1437012
Convert -2201331 (base 5) to base 2.
-1001001101010100
What is 1220222011011 (base 3) in base 15?
153134
Convert 2a1dcb (base 16) to base 8.
12416713
Convert -113857 (base 13) to base 5.
-101022434
Convert 2418804 (base 9) to base 15.
1adb9d
3829d (base 16) to base 5
24330140
-54180 (base 10) to base 7
-313650
Convert 4442011 (base 5) to base 16.
12fbc
Convert -1947b7b (base 12) to base 7.
-63144410
223aa7 (base 13) to base 7
6604024
-21120222111 (base 3) to base 8
-443667
What is -185b06 (base 13) in base 15?
-c17c1
Convert -f516 (base 16) to base 12.
-30386
Convert 144211313 (base 6) to base 15.
3e4c60
322242110 (base 5) to